 prime factors of 68007879.
3, 7556431
List the prime factors of 115814546.
2, 57907273
What are the prime factors of 606761462?
2, 1093, 277567
List the prime factors of 625594633.
421, 643, 2311
List the prime factors of 956863071.
3, 17, 383, 5443
What are the prime factors of 5979253778?
2, 41, 73, 631, 1583
What are the prime factors of 112290539?
112290539
What are the prime factors of 6309785498?
2, 3154892749
List the prime factors of 55317256.
2, 6914657
List the prime factors of 1503893858.
2, 41, 18340169
What are the prime factors of 229742624?
2, 17, 422321
List the prime factors of 95740564.
2, 131, 182711
What are the prime factors of 69169550?
2, 5, 1383391
What are the prime factors of 1984818368?
2, 13, 2385599
List the prime factors of 812380070.
2, 5, 5839, 13913
What are the prime factors of 7078007817?
3, 17, 41, 47, 24007
List the prime factors of 44067379.
23, 1051, 1823
List the prime factors of 118750558.
2, 59375279
List the prime factors of 7894572.
2, 3, 7, 93983
List the prime factors of 114352551.
3, 47, 270337
List the prime factors of 3486345580.
2, 5, 127, 239, 5743
List the prime factors of 2294333191.
23, 99753617
List the prime factors of 3408741429.
3, 20219, 56197
List the prime factors of 405442619.
211, 1921529
What are the prime factors of 2845818082?
2, 29, 49065829
What are the prime factors of 13003182?
2, 3, 19, 193, 197
What are the prime factors of 1492631187?
3, 2687, 185167
List the prime factors of 83066426.
2, 503, 82571
List the prime factors of 730079787.
3, 243359929
What are the prime factors of 3846551966?
2, 24439, 78697
What are the prime factors of 432679120?
2, 5, 5408489
What are the prime factors of 655761501?
3, 2698607
List the prime factors of 167076691.
283, 590377
List the prime factors of 44809148.
2, 11202287
List the prime factors of 104491375.
5, 835931
List the prime factors of 3154794.
2, 3, 29, 18131
List the prime factors of 1168791147.
3, 29, 1492709
List the prime factors of 47308497.
3, 15769499
List the prime factors of 6733318024.
2, 307, 2741579
What are the prime factors of 181166740?
2, 5, 43, 210659
List the prime factors of 44428810.
2, 5, 79, 56239
List the prime factors of 265264107.
3, 17, 283, 18379
What are the prime factors of 272169123?
3, 8513, 10657
What are the prime factors of 164719191?
3, 7, 13, 269, 2243
List the prime factors of 100155696.
2, 3, 2086577
What are the prime factors of 867510151?
19, 3067, 14887
List the prime factors of 925707500.
2, 5, 379, 977
What are the prime factors of 17187917?
43, 399719
List the prime factors of 292288032.
2, 3, 1014889
What are the prime factors of 552506205?
3, 5, 17, 2166691
List the prime factors of 23160485.
5, 4632097
List the prime factors of 28119672.
2, 3, 7, 55793
List the prime factors of 544101484.
2, 136025371
List the prime factors of 172130262.
2, 3, 47, 610391
List the prime factors of 5216536661.
7, 103, 571, 12671
What are the prime factors of 7008981797?
23, 31, 427403
List the prime factors of 1790072234.
2, 11657, 76781
What are the prime factors of 64777114?
2, 32388557
What are the prime factors of 23264862?
2, 3, 3877477
List the prime factors of 949614429.
3, 316538143
What are the prime factors of 23051644?
2, 7, 11, 74843
List the prime factors of 45677804.
2, 11419451
What are the prime factors of 86039476?
2, 101, 212969
List the prime factors of 46725125.
5, 101, 3701
What are the prime factors of 176648441?
23, 333929
What are the prime factors of 49765719?
3, 3461, 4793
List the prime factors of 1299244933.
7, 185606419
List the prime factors of 1559861100.
2, 3, 5, 7, 31, 163
What are the prime factors of 809369672?
2, 37, 719, 3803
List the prime factors of 14131981.
17, 389, 2137
List the prime factors of 849343102.
2, 107, 3968893
What are the prime factors of 11585141?
71, 163171
List the prime factors of 1406285314.
2, 7, 100448951
List the prime factors of 30832416.
2, 3, 107057
What are the prime factors of 4272246283?
241, 17727163
List the prime factors of 155424737.
13, 337, 2729
What are the prime factors of 3026645465?
5, 29, 719773
List the prime factors of 27791772.
2, 3, 2315981
List the prime factors of 869278400.
2, 5, 543299
What are the prime factors of 4301990352?
2, 3, 11, 17, 61, 97
What are the prime factors of 1712396719?
11, 116959
What are the prime factors of 3298934049?
3, 1099644683
List the prime factors of 95999128.
2, 83, 144577
What are the prime factors of 485717?
485717
What are the prime factors of 565189764?
2, 3, 23, 43, 47623
List the prime factors of 53696853.
3, 7, 79, 10789
List the prime factors of 1480358775.
3, 5, 7, 23, 122597
What are the prime factors of 989361447?
3, 41, 8043589
List the prime factors of 252471424.
2, 37, 53309
What are the prime factors of 382589984?
2, 7, 59, 28949
List the prime factors of 50606650.
2, 5, 1012133
What are the prime factors of 1380466290?
2, 3, 5, 7, 359, 18311
What are the prime factors of 72085031?
19, 3793949
What are the prime factors of 453760600?
2, 5, 17, 37, 3607
List the prime factors of 1182630855.
3, 5, 7, 41, 274711
List the prime factors of 1233293810.
2, 5, 7, 23, 766021
What are the prime factors of 52450548?
2, 3, 67, 89, 733
What are the prime factors of 2132064?
2, 3, 11, 673
What are the prime factors of 210896663?
210896663
List the prime factors of 225579627.
3, 7, 13, 91811
List the prime factors of 190142107.
109, 1744423
What are the prime factors of 31714461?
3, 3523829
What are the prime factors of 150596694?
2, 3, 83, 100801
List the prime factors of 173152638.
2, 3, 509, 18899
What are the prime factors of 1123669183?
7, 13, 31, 398323
List the prime factors of 16702436.
2, 457, 9137
List the prime factors of 669703442.
2, 53, 6317957
List the prime factors of 277703537.
37, 41, 61, 3001
What are the prime factors of 47688637?
23, 73, 28403
What are the prime factors of 32953823?
7, 79, 8513
What are the prime factors of 367078968?
2, 3, 61, 83579
List the prime factors of 1003060777.
41, 24464897
What are the prime factors of 67439415?
3, 5, 31, 145031
List the prime factors of 345519548.
2, 11, 7852717
What are the prime factors of 19035453?
3, 1889, 3359
What are the prime factors of 67849594?
2, 1223, 27739
What are the prime factors of 374989919?
31, 12096449
List the prime factors of 254145264.
2, 3, 2141, 2473
What are the prime factors of 7916449139?
337, 23490947
List the prime factors of 3243591.
3, 13, 9241
List the prime factors of 28511648.
2, 11, 107, 757
What are the prime factors of 1501394975?
5, 1289, 46591
What are the prime factors of 3235929883?
2953, 1095811
What are the prime factors of 123708048?
2, 3, 17, 151603
What are the prime factors of 291144739?
1873, 155443
List the prime factors of 303961368.
2, 3, 929, 13633
What are the prime factors of 188673559?
6389, 29531
List the prime factors of 30133859.
7, 773, 5569
List the prime factors of 127210170.
2, 3, 5, 131, 32369
What are the prime factors of 3468515651?
7103, 488317
List the prime factors of 10206954.
2, 3, 567053
What are the prime factors of 243078671?
11, 2381, 9281
What are the prime factors of 1756492687?
7243, 242509
What are the prime factors of 298973084?
2, 17, 569, 7727
What are the prime factors of 415295161?
43, 467, 20681
List the prime factors of 42552050.
2, 5, 851041
What are the prime factors of 130920771?
3, 2851, 15307
What are the prime factors of 61703175?
3, 5, 31, 26539
List the prime factors of 107850667.
107850667
List the prime factors of 265688352.
2, 3, 31, 29759
List the prime factors of 275929744.
2, 17245609
List the prime factors of 396590128.
2, 11, 2253353
List the prime factors of 1086122430.
2, 3, 5, 2521, 4787
List the prime factors of 2554596698.
2, 17, 37, 269, 7549
What are the prime factors of 209374481?
209374481
List the prime factors of 2052186797.
2052186797
What are the prime factors of 83591448?
2, 3, 17, 211, 971
What are the prime factors of 105192411?
3, 35064137
What are the prime factors of 2746866336?
2, 3, 107, 267413
List the prime factors of 222130762.
2, 7, 15866483
List the prime factors of 100561365.
3, 5, 31, 24029
List the prime factors of 26041339.
107, 199, 1223
List the prime factors of 41491677.
3, 1383055